
3
Suppose 146*r - 49803 = 149*r - 169230. What is the units digit of r?
9
Let w(q) be the first derivative of -1/3*q**3 - 25 + 9*q**2 + 4*q. What is the units digit of w(16)?
6
Suppose -5*x = k + 5, 3*k - 92 = -x - 37. Let n(w) = 90*w - 626. Let a be n(7). What is the tens digit of k + (2 - 21/12)*a?
2
Suppose 0 = 2*c + 6*m - 81590, 63*c - 62*c = -m + 40795. What is the tens digit of c?
9
Suppose 3*m = 10*m + 21. Let s(t) = -3*t**3 - 2*t**2 - 2*t + 1. What is the tens digit of s(m)?
7
What is the units digit of 528/132*14/8 + 80844 + -3?
8
Let l(c) = -c**3 - 17*c**2 - 17*c - 13. Let d be l(-16). Let v(p) = -3*p + 52. What is the tens digit of v(d)?
4
Let q(h) = 83*h**2 - 2*h - 2. Let m be q(-1). Let x = -56 + m. What is the units digit of 1/((-136)/350 + x/63)?
5
Let x(b) = -283 + 270 + 2*b**2 - 37*b + 15*b. Let u(k) = -k**3 - 4*k**2 + 5*k + 12. Let m be u(-5). What is the units digit of x(m)?
1
Let c be 30/((-10)/16*2/(-20)). Let f = 740 - c. What is the units digit of f?
0
Let o(i) = i**3 - 3*i - 8. Let z be o(3). Let y(h) = -z + h**3 - 155*h**2 + 77*h**2 + 73*h**2 + h. What is the tens digit of y(7)?
9
Let x(b) = -b**3 + 2*b**2 + 7*b - 4. Let r be x(4). Let d(k) = -60*k + 11. What is the hundreds digit of d(r)?
4
Let t(p) = p**3 - 64*p**2 - 15. Let y be t(64). Let s be -2 + 57 + -1 - -1. Let h = y + s. What is the tens digit of h?
4
Let z = 13 + -9. Let d(m) = m**2 - 18*m + 5. Let o be d(18). Suppose g = -z*i - 14, 2*g + o*i = i - 12. What is the units digit of g?
2
Suppose 3*l - 50463 = 5*j, -l - 2*j + 16835 = j. What is the tens digit of l?
2
Let d(x) = 38*x**2 + 16*x + 24. Let w = -182 - -187. What is the tens digit of d(w)?
5
Let b(o) = 15 - 20*o + 30 - 61 - o**3 - 20*o**2. Let p be b(-19). Suppose 4*s + 875 = p*l, -3*s + 3 = -0. What is the units digit of l?
3
Let r be (-2)/12 + 9/54. What is the tens digit of 5 + (4 + r)*43?
7
Suppose 7*y - 38555 - 64275 = 0. Suppose 3*d + 10*d = y. What is the units digit of d?
0
Suppose -161*l - 16732 = -165*l. What is the units digit of l?
3
Suppose -126*u - 10271188 = -338*u. What is the tens digit of u?
4
Let m be (2/4)/((-1)/(-30)). Let s be (408/272)/(2/272). Suppose m + s = l. What is the tens digit of l?
1
Suppose -3*n = -63*t + 60*t - 25293, -5*n - 2*t = -42120. What is the tens digit of n?
2
What is the ten thousands digit of -17 + 34*15715/14?
3
Suppose 0 = 5*y + 5*o + 2025, 0*y - y = 5*o + 425. Let b = y - -605. What is the tens digit of b?
0
Let w(x) = -8*x**3 - 56*x**2 - 35*x + 15. What is the units digit of w(-9)?
6
Suppose 0 = x - k + 770, -14*x + 9*x - 4*k = 3805. Let o = 625 - x. What is the units digit of o?
0
Let i = -1139 + 47. Let h = -416 - i. What is the units digit of h?
6
Suppose 0 = 4*q + 5*t - 16, 0 = -0*q + 3*q - 2*t - 12. Suppose -3*w + 4*j + 482 = -73, 3*w + 2*j = 537. Suppose -q*p + w = -3. What is the tens digit of p?
4
Suppose 0 = 4*z - 5*n - 3550, 6*z + n - 3054 = 2254. Let l be 521 + (-1 + 1)/(-1). Suppose l = 3*g + m, 5*g = 2*m - 7*m + z. What is the tens digit of g?
7
Suppose 3*o = -5*a + 7, o - 6*o = -20. Let g be a - ((-70 - -2) + 1). Let f = 94 - g. What is the units digit of f?
8
Let i(d) = d**2 - 26*d + 7. Let q = -101 - -130. What is the tens digit of i(q)?
9
Let s(t) = 3*t**2 + t - 11. Let w be s(9). Let z = 389 - w. What is the hundreds digit of z?
1
Suppose -34*x + 2624 = -30*x. Suppose 7*m - 2046 = x. What is the units digit of m?
6
Let v(c) = 5*c - 1. Let p be v(2). Let f(z) = 45*z - 32. What is the hundreds digit of f(p)?
3
Suppose 3*h + 1582 = 4*l, -6*l + 5*h = -7*l + 407. Let m = l - 329. What is the units digit of m?
8
Let t(r) = -r**3 - r + 1. Let c(u) = 2*u**3 - 18*u**2 - 27*u - 46. Let m(i) = -c(i) - 3*t(i). What is the units digit of m(-16)?
5
Let h(r) be the third derivative of -259*r**4/24 - 13*r**3/6 - 104*r**2. What is the units digit of h(-2)?
5
Suppose -3*n - 3*n = 462. Suppose 2*k + 30406 = -11356. What is the hundreds digit of k/n + (-4)/22?
2
Suppose -t + 11 = 7, 3*f + 5*t = 1421. Suppose -k + f = -139. What is the hundreds digit of k?
6
Let f(l) = -27*l**3 + 7*l**2 - 22*l + 2. What is the hundreds digit of f(-10)?
9
Suppose 0 = 67*w + 32*w - 71*w - 753816. What is the units digit of w?
2
Suppose 0 = -17*i + 24857 + 4638. Let a = -997 + i. What is the units digit of a?
8
Suppose 0 = 3*f - 22 + 4. Let b(o) = o**2 - 6*o. Let n be b(f). Suppose -w = -n*u - u - 30, 4*u + 8 = 0. What is the tens digit of w?
2
Let f(n) = n**3 + 20*n**2 + 30*n + 45. Let v be f(-18). Suppose 8*q - v - 695 = 0. Suppose -2*h - 5*j = -65, 4*h - q = -j - j. What is the units digit of h?
5
What is the thousands digit of (-10)/(-3 - -8) - (-30416 + 1)?
0
Let j(w) = 1460*w**2 - 425*w - 2939. What is the thousands digit of j(-7)?
1
Suppose 0 = -57*i + 2290807 - 930502. What is the thousands digit of i?
3
Suppose 4*l - m + 55708 = 6*l, 0 = -12*l + 3*m + 334320. What is the thousands digit of l?
7
Suppose a - 2*k + 177 = 6*a, a - 33 = -k. Suppose -a = -6*f + 23. Suppose 13 = j - f. What is the tens digit of j?
2
Let j(a) = -2*a**2 + 5*a - 2. Let h be j(2). Suppose h = 17*v - 15*v + 4. What is the units digit of v*(4 + (-154)/4)?
9
Suppose -3*s + 4*d = -4 + 19, 0 = -4*s - 5*d + 11. Let i(o) = -1006*o**3 - 4*o**2 - 2*o + 1. What is the tens digit of i(s)?
0
Suppose -3*w - 14 = -4*w. Let l(i) = -5*i + 107*i**3 - 106*i**3 - i**2 - 5*i**2 - 4*i - 7*i**2 + 26. What is the units digit of l(w)?
6
Let c = -1509 + 2346. Suppose 4*z - c = 707. What is the hundreds digit of z?
3
Let c(j) = 123*j + 68. Let b(d) = 2*d - 1. Let u(a) = 5*b(a) - c(a). What is the tens digit of u(-4)?
7
Suppose -m = 5*f - 450, -2270 = -5*m - 4*f - f. Let u = -223 + m. Suppose -7*h - h = -u. What is the units digit of h?
9
Let d(o) = -o**3 - 11*o**2 + 28*o + 28. Let n(j) = j**3 - 11*j**2 - 15*j + 21. Let c be n(12). What is the hundreds digit of d(c)?
5
Let h(f) = f**3 + 57*f**2 + 70*f + 111. What is the hundreds digit of h(-43)?
9
Let a = -17 - -17. Let z be a - (-1 - 10/2). Let p(q) = -q**2 + 5*q + 7. What is the units digit of p(z)?
1
Let r(h) = -40*h + 118*h - 60*h + 216. What is the tens digit of r(39)?
1
Suppose -h = 58 + 485. Let o = 120 + h. What is the tens digit of (o/6)/((-5)/10)?
4
Let a(f) = 26*f**2 - 334*f + 179. What is the ten thousands digit of a(-25)?
2
Suppose -4*b + 224 = -16. Let u = b + -20. Let o = -27 + u. What is the units digit of o?
3
Let h(l) = -16*l - 78. Let x = -137 + 132. What is the units digit of h(x)?
2
Suppose -3*p = 6, -5*p - 23 + 7 = 3*o. Let g = 0 - o. Suppose 61 = g*w - 7. What is the tens digit of w?
3
Let w(s) = s**3 - 95*s**2 - 81*s + 797. What is the ten thousands digit of w(97)?
1
Suppose 16*p + 15153 = 3*v + 15*p, v = p + 5047. What is the thousands digit of v?
5
Suppose 3006 = -5*g - v, g = -2*g + 5*v - 1798. Let c = -113 - g. What is the units digit of c?
8
Let f(k) = 47*k**2 - 56*k + 281. What is the ten thousands digit of f(18)?
1
Let i(b) be the first derivative of 1/2*b**2 - 18 + 2/3*b**3 - 11*b. What is the tens digit of i(7)?
9
Let d(p) = p**2 - 24*p + 52. Let s be d(14). What is the units digit of -1596*(7 - s/(-12))?
2
Let b = -231 - -234. Suppose -q - s = -4*s - 493, -q = b*s - 493. What is the hundreds digit of q?
4
Suppose -3*s - 2*n = -4*s + 793, -3*s = 5*n - 2412. Let c = -267 + s. What is the tens digit of c?
3
Let z(r) = r + 33. Let j be z(-18). Let l be (1 + j/(-10))*110/(-1). Suppose 2*y = 67 + l. What is the units digit of y?
1
Suppose -4*w - 5*c = -4274, w + 5*c + c - 1040 = 0. What is the tens digit of w?
7
Let u(v) = v**2 - 2*v - 2. Let b be u(-4). Let k(j) = 22*j**2 + 27 - 8 - 45*j**3 + 3*j + 44*j**3. What is the tens digit of k(b)?
8
What is the hundreds digit of ((-153)/(-162)*-102)/(2/(-18))?
8
Let h(u) = 2*u**2 - 12*u + 17. Let k be h(8). Suppose 51*l - 650 = k*l. What is the hundreds digit of l?
3
Suppose 0 = 4*r - 3*g - 56 + 185, 0 = 3*r - 2*g + 98. What is the tens digit of 120/r*(-1 + -161)?
4
Let h(p) = -p**2 - 3*p - 2. Let j be h(-2). Suppose j = 9*y + 6*y. Suppose 2*a + 2*a - 648 = y. What is the units digit of a?
2
Let d be (8/5)/((-22)/(-55)). Suppose -7*i + 3487 = d*i. What is the tens digit of i?
1
What is the hundreds digit of 278/(28616/2200 + -13)?
2
Let u be (-1)/((-3894)/(-779) + -5). Suppose p = -5*a + 3*p + 1